{"id":15,"date":"2024-05-03T10:08:46","date_gmt":"2024-05-03T08:08:46","guid":{"rendered":"https:\/\/www.jakovbavlnce.eu:8890\/?page_id=15"},"modified":"2025-04-21T20:15:46","modified_gmt":"2025-04-21T18:15:46","slug":"o-nas","status":"publish","type":"page","link":"https:\/\/www.jakovbavlnce.eu\/?page_id=15","title":{"rendered":"O n\u00e1s &#8211; kdo jsme a co tu d\u011bl\u00e1me"},"content":{"rendered":"[et_pb_section fb_built=&#8220;1&#8243; admin_label=&#8220;section&#8220; _builder_version=&#8220;4.16&#8243; global_colors_info=&#8220;{}&#8220;][et_pb_row column_structure=&#8220;3_5,2_5&#8243; admin_label=&#8220;row&#8220; _builder_version=&#8220;4.16&#8243; background_size=&#8220;initial&#8220; background_position=&#8220;top_left&#8220; background_repeat=&#8220;repeat&#8220; custom_padding=&#8220;|0px||0px||&#8220; global_colors_info=&#8220;{}&#8220;][et_pb_column type=&#8220;3_5&#8243; _builder_version=&#8220;4.16&#8243; custom_padding=&#8220;|||&#8220; global_colors_info=&#8220;{}&#8220; custom_padding__hover=&#8220;|||&#8220;][et_pb_text admin_label=&#8220;Text&#8220; _builder_version=&#8220;4.25.0&#8243; background_size=&#8220;initial&#8220; background_position=&#8220;top_left&#8220; background_repeat=&#8220;repeat&#8220; width=&#8220;100%&#8220; custom_margin=&#8220;|-1px||-1px||true&#8220; custom_padding=&#8220;|2px||||&#8220; global_colors_info=&#8220;{}&#8220;]<p><\/p>\n<p>Je n\u00e1s 5, ka\u017ed\u00e1 jsme jin\u00e1 a ka\u017ed\u00e1 um\u00edme n\u011bco jin\u00e9ho a v\u0161echny jsme tu pro V\u00e1s \ud83d\ude42<\/p>\n<p>&nbsp;<\/p>\n<p><\/p>[\/et_pb_text][et_pb_text _builder_version=&#8220;4.27.4&#8243; _module_preset=&#8220;default&#8220; hover_enabled=&#8220;0&#8243; sticky_enabled=&#8220;0&#8243;]<h2>Alena<\/h2>\n<p>J\u00f3gu d\u011bl\u00e1 jen kr\u00e1tce a proto je dobr\u00e1 na j\u00f3gu pro za\u010d\u00e1te\u010dnice. Na jej\u00ed lekci mohou p\u0159ij\u00edt i maminky s dcerama, kter\u00e9 cht\u011bj\u00ed n\u011bco podnikat spole\u010dn\u011b. Al\u010da je energick\u00e1, pohodov\u00e1, mlad\u00e1 \u017eena v\u017edy s pozitivn\u00ed energi\u00ed.\u00a0<\/p>[\/et_pb_text][et_pb_text _builder_version=&#8220;4.25.0&#8243; _module_preset=&#8220;default&#8220; global_colors_info=&#8220;{}&#8220;]<h2 class=\"wp-block-heading\">Bohdana<\/h2>\n<p><\/p>\n<p>V\u00e1s provede klidnou, harmonickou, n\u011bkdy energickou a dynamickou j\u00f3gou z\u00e1rove\u0148. Sv\u00e9 hodiny r\u00e1da vede v \u201euv\u011bdom\u011bn\u00ed\u201c si sebe sama, bez vn\u011bj\u0161\u00edch vliv\u016f. Na\u0161\u00edm z\u00e1m\u011brem bude vytvo\u0159it pro v\u00e1s ide\u00e1ln\u00ed a bezpe\u010dn\u011b prost\u0159ed\u00ed pro odpo\u010dinek t\u011bla i mysli, pro nabyt\u00ed s\u00edly, pro inspiraci a prohloubeni j\u00f3gov\u00e9 praxe, pro ope\u010dov\u00e1n\u00ed du\u0161e a zahrnut\u00ed se sebel\u00e1skou.<\/p>\n<ul>\n<li>Jemn\u00e1 j\u00f3ga\u00a0<\/li>\n<li>Vinyasa<\/li>\n<li>Dechov\u00e1 cvi\u010den\u00ed<\/li>\n<li>Relaxace<\/li>\n<\/ul>[\/et_pb_text][et_pb_text _builder_version=&#8220;4.25.0&#8243; _module_preset=&#8220;default&#8220; custom_padding=&#8220;||2px|||&#8220; global_colors_info=&#8220;{}&#8220;]<h2 class=\"wp-block-heading\">Hanka<\/h2>\n<ul>\n<li>\u010cCHI KUNG taoistick\u00e1 cvi\u010den\u00ed pro zdrav\u00ed t\u011bla i kondici<\/li>\n<li>Sm\u00ed\u0161kova metoda SM pro zdrav\u00e1 z\u00e1da a spravn\u00e9 dr\u017een\u00ed t\u011bla\u00a0<\/li>\n<li>L\u00e9\u010debn\u011b &#8211; relaxa\u010dn\u00ed pobyty a semin\u00e1\u0159e<\/li>\n<li>Terapeutick\u00e9 mas\u00e1\u017ee<\/li>\n<li>Celostn\u00ed pohled na \u010dlov\u011bka<\/li>\n<\/ul>\n<p><!-- \/wp:post-content --><\/p>\n<p>&nbsp;<\/p>[\/et_pb_text][et_pb_text _builder_version=&#8220;4.25.0&#8243; _module_preset=&#8220;default&#8220; global_colors_info=&#8220;{}&#8220;]<h2 class=\"wp-block-heading\">Pavl\u00edna<\/h2>\n<ul>\n<li>\u00a0J\u00f3ga pro \u00fa\u00fa\u00fa\u00fapln\u00e9 za\u010d\u00e1te\u010dnice<\/li>\n<li>J\u00f3ga pro\u00a0<strong>jakoukoliv<\/strong> \u017eenu (pozd\u011bji i pro mu\u017ee \ud83d\ude42<!-- wp:list-item \/--><!-- wp:list-item \/--><\/li>\n<li>Cvi\u010den\u00ed prim\u00e1rn\u00edch reflex\u016f\u00a0<!-- wp:list-item \/--><\/li>\n<li>Zbavov\u00e1n\u00ed se vdovsk\u00e9ho hrbu<!-- wp:list-item \/--><\/li>\n<li>Cvi\u010den\u00ed pro lep\u0161\u00ed zrak<!-- wp:list-item \/--><\/li>\n<li>Cvi\u010den\u00ed pro zdrav\u00e9 nohy<!-- wp:list-item \/--><\/li>\n<li>Obli\u010dejov\u00e1 j\u00f3ga<!-- wp:list-item \/--><\/li>\n<li>J\u00f3ga sm\u00edchu<!-- wp:list-item \/--><\/li>\n<li>Kurzy osobnostn\u00edho rozvoje<!-- wp:list-item \/--><\/li>\n<li>Psychoterapie<!-- wp:list-item \/--><\/li>\n<li>Besedy o v\u00fdvoji d\u00edt\u011bte a v\u00fdchov\u011b pro ve\u0159ejnost<\/li>\n<\/ul>[\/et_pb_text][et_pb_text _builder_version=&#8220;4.25.0&#8243; _module_preset=&#8220;default&#8220; global_colors_info=&#8220;{}&#8220;]<h2 class=\"wp-block-heading\">Bohunka<\/h2>\n<ul>\n<li>Klasick\u00e1 R\u00c1D\u017dA j\u00f3ga s rozcvi\u010dkou na zdrav\u00e9 klouby a p\u00e1te\u0159, pro za\u010d\u00e1te\u010dn\u00edky i m\u00edrn\u011b\u00a0\u00a0pokro\u010dil\u00e9<!-- wp:list-item \/--><\/li>\n<li>Meditace<\/li>\n<\/ul>[\/et_pb_text][\/et_pb_column][et_pb_column type=&#8220;2_5&#8243; _builder_version=&#8220;4.25.0&#8243; _module_preset=&#8220;default&#8220; global_colors_info=&#8220;{}&#8220;][et_pb_image src=&#8220;https:\/\/www.jakovbavlnce.eu\/wp-content\/uploads\/2024\/12\/Unknown-17.jpg&#8220; _builder_version=&#8220;4.27.4&#8243; _module_preset=&#8220;default&#8220; hover_enabled=&#8220;0&#8243; sticky_enabled=&#8220;0&#8243; title_text=&#8220;Unknown-17&#8243;][\/et_pb_image][et_pb_image src=&#8220;https:\/\/www.jakovbavlnce.eu\/wp-content\/uploads\/2024\/05\/bohdana-pozice-mala-.jpeg&#8220; title_text=&#8220;bohdana pozice mal\u00e1&#8220; _builder_version=&#8220;4.25.0&#8243; _module_preset=&#8220;default&#8220; custom_margin=&#8220;|56px||||&#8220; global_colors_info=&#8220;{}&#8220;][\/et_pb_image][et_pb_image src=&#8220;https:\/\/www.jakovbavlnce.eu\/wp-content\/uploads\/2024\/05\/2-2.jpg&#8220; title_text=&#8220;2-2&#8243; _builder_version=&#8220;4.25.0&#8243; _module_preset=&#8220;default&#8220; custom_padding=&#8220;|59px||||&#8220; global_colors_info=&#8220;{}&#8220;][\/et_pb_image][et_pb_image src=&#8220;https:\/\/www.jakovbavlnce.eu\/wp-content\/uploads\/2024\/05\/ja-a-psi.jpeg&#8220; title_text=&#8220;OLYMPUS DIGITAL CAMERA&#8220; _builder_version=&#8220;4.25.0&#8243; _module_preset=&#8220;default&#8220; custom_margin=&#8220;|54px||||&#8220; global_colors_info=&#8220;{}&#8220;][\/et_pb_image][et_pb_image src=&#8220;https:\/\/www.jakovbavlnce.eu\/wp-content\/uploads\/2024\/05\/316951102_10225017495522959_5651872323801785907_n.jpg&#8220; title_text=&#8220;316951102_10225017495522959_5651872323801785907_n&#8220; _builder_version=&#8220;4.25.0&#8243; _module_preset=&#8220;default&#8220; width=&#8220;86.7%&#8220; custom_padding=&#8220;0px|||||&#8220; global_colors_info=&#8220;{}&#8220;][\/et_pb_image][\/et_pb_column][\/et_pb_row][et_pb_row _builder_version=&#8220;4.25.0&#8243; _module_preset=&#8220;default&#8220; global_colors_info=&#8220;{}&#8220;][et_pb_column type=&#8220;4_4&#8243; _builder_version=&#8220;4.25.0&#8243; _module_preset=&#8220;default&#8220; global_colors_info=&#8220;{}&#8220;][et_pb_image src=&#8220;https:\/\/www.jakovbavlnce.eu\/wp-content\/uploads\/2024\/05\/nas-5-1-1.jpeg&#8220; title_text=&#8220;n\u00e1s 5&#8243; _builder_version=&#8220;4.25.0&#8243; _module_preset=&#8220;default&#8220; custom_margin=&#8220;|50px||||&#8220; global_colors_info=&#8220;{}&#8220;][\/et_pb_image][\/et_pb_column][\/et_pb_row][\/et_pb_section]","protected":false},"excerpt":{"rendered":"<p>Je n\u00e1s 5, ka\u017ed\u00e1 jsme jin\u00e1 a ka\u017ed\u00e1 um\u00edme n\u011bco jin\u00e9ho a v\u0161echny jsme tu pro V\u00e1s \ud83d\ude42 &nbsp; Alena J\u00f3gu d\u011bl\u00e1 jen kr\u00e1tce a proto je dobr\u00e1 na j\u00f3gu pro za\u010d\u00e1te\u010dnice. Na jej\u00ed lekci mohou p\u0159ij\u00edt i maminky s dcerama, kter\u00e9 cht\u011bj\u00ed n\u011bco podnikat spole\u010dn\u011b. Al\u010da je energick\u00e1, pohodov\u00e1, mlad\u00e1 \u017eena v\u017edy s pozitivn\u00ed [&hellip;]<\/p>\n","protected":false},"author":1,"featured_media":0,"parent":0,"menu_order":0,"comment_status":"closed","ping_status":"closed","template":"","meta":{"_et_pb_use_builder":"on","_et_pb_old_content":"<!-- wp:paragraph -->\n<p>Je n\u00e1s 5, ka\u017ed\u00e1 jsme jin\u00e1 a ka\u017ed\u00e1 um\u00edme n\u011bco jin\u00e9ho a v\u0161echny jsme tu pro V\u00e1s :) <\/p>\n<!-- \/wp:paragraph -->\n\n<!-- wp:paragraph -->\n<p>Vezmu to od nejmlad\u0161\u00ed po tu nejzku\u0161en\u011bj\u0161\u00ed.<\/p>\n<!-- \/wp:paragraph -->\n\n<!-- wp:heading -->\n<h2 class=\"wp-block-heading\">Kris<\/h2>\n<!-- \/wp:heading -->\n\n<!-- wp:paragraph -->\n<p><strong>je nad\u0161enec do ashtanga j\u00f3gy: <\/strong>Ashtanga je sestava pozic, kter\u00e9 prov\u00e1d\u00edme v dan\u00e9m po\u0159ad\u00ed. D\u016fle\u017eitou sou\u010d\u00e1st\u00ed je mimo jin\u00e9 i spr\u00e1vn\u00e9 d\u00fdch\u00e1n\u00ed a sm\u011br na\u0161eho pohledu. Jde o dynamick\u00fd styl j\u00f3gy.<\/p>\n<!-- \/wp:paragraph -->\n\n<!-- wp:paragraph -->\n<p>Fyzick\u00e9 cvi\u010den\u00ed podporuj\u00edc\u00ed du\u0161evn\u00ed klid. D\u00edky sestav\u011b, kter\u00e1 se opakuje, pozn\u00e1v\u00e1me vlastn\u00ed moment\u00e1ln\u00ed i dlouhodob\u00e9 rozpolo\u017een\u00ed. Postupn\u00fdm osvojov\u00e1n\u00edm si sestavy doch\u00e1z\u00ed k hlub\u0161\u00ed schopnosti meditace a uvoln\u011bn\u00ed se. Vhodn\u00e9 pro lidi, kte\u0159\u00ed maj\u00ed r\u00e1di dynamiku pohybu a jsou odhodlan\u00ed cvi\u010dit. <img height=\"16\" width=\"16\" src=\"https:\/\/static.xx.fbcdn.net\/images\/emoji.php\/v9\/teb\/2\/16\/1f642.png\" alt=\"\ud83d\ude42\"> <\/p>\n<!-- \/wp:paragraph -->\n\n<!-- wp:paragraph -->\n<p>P\u0159edchoz\u00ed zku\u0161enost s j\u00f3gou je v\u00edt\u00e1na, nen\u00ed v\u0161ak podm\u00ednkou. Pozice je mo\u017en\u00e9 modifikovat. V t\u00e9to lekci se zab\u00fdv\u00e1me pozicemi prvn\u00ed ashtangov\u00e9 s\u00e9rie.<\/p>\n<!-- \/wp:paragraph -->\n\n<!-- wp:list -->\n<ul><!-- wp:list-item -->\n<li>ASHTANGA j\u00f3ga&nbsp;&nbsp;1. s\u00e9rie<\/li>\n<!-- \/wp:list-item -->\n\n<!-- wp:list-item -->\n<li>Restorativn\u00ed j\u00f3ga<\/li>\n<!-- \/wp:list-item --><\/ul>\n<!-- \/wp:list -->\n\n<!-- wp:heading -->\n<h2 class=\"wp-block-heading\">Bohdana<\/h2>\n<!-- \/wp:heading -->\n\n<!-- wp:paragraph -->\n<p>V\u00e1s&nbsp;provede  klidnou, harmonickou, n\u011bkdy energickou a dynamickou j\u00f3gou z\u00e1rove\u0148. Sv\u00e9 hodiny r\u00e1da vede v&nbsp;\u201euv\u011bdom\u011bn\u00ed\u201c si sebe sama, bez vn\u011bj\u0161\u00edch vliv\u016f. Na\u0161\u00edm z\u00e1m\u011brem bude vytvo\u0159it pro v\u00e1s ide\u00e1ln\u00ed a bezpe\u010dn\u011b prost\u0159ed\u00ed pro odpo\u010dinek t\u011bla i mysli, pro nabyt\u00ed s\u00edly, pro inspiraci a prohloubeni j\u00f3gov\u00e9 praxe, pro ope\u010dov\u00e1n\u00ed du\u0161e a zahrnut\u00ed se sebel\u00e1skou.<\/p>\n<!-- \/wp:paragraph -->\n\n<!-- wp:list -->\n<ul><!-- wp:list-item -->\n<li>Jemn\u00e1 j\u00f3ga&nbsp;<\/li>\n<!-- \/wp:list-item -->\n\n<!-- wp:list-item -->\n<li>Vinyasa<\/li>\n<!-- \/wp:list-item -->\n\n<!-- wp:list-item -->\n<li>Dechov\u00e1 cvi\u010den\u00ed<\/li>\n<!-- \/wp:list-item -->\n\n<!-- wp:list-item -->\n<li>Relaxace<\/li>\n<!-- \/wp:list-item --><\/ul>\n<!-- \/wp:list -->\n\n<!-- wp:heading -->\n<h2 class=\"wp-block-heading\">Hanka<\/h2>\n<!-- \/wp:heading -->\n\n<!-- wp:list -->\n<ul><!-- wp:list-item -->\n<li>\u010cCHI KUNG taoistick\u00e1 cvi\u010den\u00ed pro zdrav\u00ed t\u011bla i kondici<\/li>\n<!-- \/wp:list-item -->\n\n<!-- wp:list-item -->\n<li>Sm\u00ed\u0161kova metoda SM pro zdrav\u00e1 z\u00e1da a spravn\u00e9 dr\u017een\u00ed t\u011bla&nbsp;<\/li>\n<!-- \/wp:list-item -->\n\n<!-- wp:list-item -->\n<li>L\u00e9\u010debn\u011b - relaxa\u010dn\u00ed pobyty a semin\u00e1\u0159e<\/li>\n<!-- \/wp:list-item -->\n\n<!-- wp:list-item -->\n<li>Terapeutick\u00e9 mas\u00e1\u017ee<\/li>\n<!-- \/wp:list-item -->\n\n<!-- wp:list-item -->\n<li>Celostn\u00ed pohled na \u010dlov\u011bka<\/li>\n<!-- \/wp:list-item --><\/ul>\n<!-- \/wp:list -->\n\n<!-- wp:heading -->\n<h2 class=\"wp-block-heading\">Pavl\u00edna<\/h2>\n<!-- \/wp:heading -->\n\n<!-- wp:list -->\n<ul><!-- wp:list-item -->\n<li>J\u00f3ga pro \u00fa\u00fa\u00fa\u00fapln\u00e9 za\u010d\u00e1te\u010dnice<\/li>\n<!-- \/wp:list-item -->\n\n<!-- wp:list-item -->\n<li>J\u00f3ga pro&nbsp;<strong>jakoukoliv<\/strong>&nbsp;\u017eenu&nbsp;(pozd\u011bji i pro mu\u017ee&nbsp;\uf04a)<\/li>\n<!-- \/wp:list-item -->\n\n<!-- wp:list-item -->\n<li>Cvi\u010den\u00ed prim\u00e1rn\u00edch reflex\u016f&nbsp;<\/li>\n<!-- \/wp:list-item -->\n\n<!-- wp:list-item -->\n<li>Zbavov\u00e1n\u00ed se vdovsk\u00e9ho hrbu<\/li>\n<!-- \/wp:list-item -->\n\n<!-- wp:list-item -->\n<li>Cvi\u010den\u00ed pro lep\u0161\u00ed zrak<\/li>\n<!-- \/wp:list-item -->\n\n<!-- wp:list-item -->\n<li>Cvi\u010den\u00ed pro zdrav\u00e9 nohy<\/li>\n<!-- \/wp:list-item -->\n\n<!-- wp:list-item -->\n<li>Obli\u010dejov\u00e1 j\u00f3ga<\/li>\n<!-- \/wp:list-item -->\n\n<!-- wp:list-item -->\n<li>J\u00f3ga sm\u00edchu<\/li>\n<!-- \/wp:list-item -->\n\n<!-- wp:list-item -->\n<li>Kurzy osobnostn\u00edho rozvoje<\/li>\n<!-- \/wp:list-item -->\n\n<!-- wp:list-item -->\n<li>Psychoterapie<\/li>\n<!-- \/wp:list-item -->\n\n<!-- wp:list-item -->\n<li>Besedy o v\u00fdvoji d\u00edt\u011bte a v\u00fdchov\u011b pro ve\u0159ejnost<\/li>\n<!-- \/wp:list-item --><\/ul>\n<!-- \/wp:list -->\n\n<!-- wp:heading -->\n<h2 class=\"wp-block-heading\">Bohunka<\/h2>\n<!-- \/wp:heading -->\n\n<!-- wp:list -->\n<ul><!-- wp:list-item -->\n<li>Klasick\u00e1 R\u00c1D\u017dA j\u00f3ga&nbsp;s rozcvi\u010dkou na zdrav\u00e9 klouby a p\u00e1te\u0159,&nbsp;pro za\u010d\u00e1te\u010dn\u00edky i m\u00edrn\u011b&nbsp;&nbsp;pokro\u010dil\u00e9&nbsp;<\/li>\n<!-- \/wp:list-item -->\n\n<!-- wp:list-item -->\n<li>Meditace<\/li>\n<!-- \/wp:list-item --><\/ul>\n<!-- \/wp:list -->","_et_gb_content_width":"","footnotes":""},"class_list":["post-15","page","type-page","status-publish","hentry"],"_links":{"self":[{"href":"https:\/\/www.jakovbavlnce.eu\/index.php?rest_route=\/wp\/v2\/pages\/15","targetHints":{"allow":["GET"]}}],"collection":[{"href":"https:\/\/www.jakovbavlnce.eu\/index.php?rest_route=\/wp\/v2\/pages"}],"about":[{"href":"https:\/\/www.jakovbavlnce.eu\/index.php?rest_route=\/wp\/v2\/types\/page"}],"author":[{"embeddable":true,"href":"https:\/\/www.jakovbavlnce.eu\/index.php?rest_route=\/wp\/v2\/users\/1"}],"replies":[{"embeddable":true,"href":"https:\/\/www.jakovbavlnce.eu\/index.php?rest_route=%2Fwp%2Fv2%2Fcomments&post=15"}],"version-history":[{"count":12,"href":"https:\/\/www.jakovbavlnce.eu\/index.php?rest_route=\/wp\/v2\/pages\/15\/revisions"}],"predecessor-version":[{"id":284,"href":"https:\/\/www.jakovbavlnce.eu\/index.php?rest_route=\/wp\/v2\/pages\/15\/revisions\/284"}],"wp:attachment":[{"href":"https:\/\/www.jakovbavlnce.eu\/index.php?rest_route=%2Fwp%2Fv2%2Fmedia&parent=15"}],"curies":[{"name":"wp","href":"https:\/\/api.w.org\/{rel}","templated":true}]}}