{"id":19,"date":"2024-05-03T10:09:31","date_gmt":"2024-05-03T08:09:31","guid":{"rendered":"https:\/\/www.jakovbavlnce.eu:8890\/?page_id=19"},"modified":"2024-05-05T16:38:16","modified_gmt":"2024-05-05T14:38:16","slug":"cenik","status":"publish","type":"page","link":"https:\/\/www.jakovbavlnce.eu\/?page_id=19","title":{"rendered":"Cen\u00edk"},"content":{"rendered":"\n[et_pb_section][et_pb_row][et_pb_column type=&#8220;4_4&#8243;][et_pb_text]<!-- divi:paragraph -->\n<p>V\u0161echny lekce j\u00f3gy stoj\u00ed 150 K\u010d.<\/p>\n<!-- \/divi:paragraph -->\n\n<!-- divi:paragraph -->\n<p>Han\u010diny hodiny jsou za 220 K\u010d SM metoda, 300K\u010d lekce \u010cCHI KUNG. <\/p>\n<!-- \/divi:paragraph -->\n\n<!-- divi:paragraph -->\n<p>Na v\u011bt\u0161inu lekc\u00ed se m\u016f\u017eete hl\u00e1sit online, ale je pot\u0159eba, abyste m\u011bli sv\u016fj \u00fa\u010det v na\u0161em syst\u00e9mu a dobit\u00fd kredit. <\/p>\n<!-- \/divi:paragraph -->\n\n<!-- divi:paragraph -->\n<p>\u00da\u010det si m\u016f\u017eete vyrobit zde: <a href=\"http:\/\/freespirityoga.cz\/rozvrh.php?w=0\">http:\/\/freespirityoga.cz\/rozvrh.php?w=0<\/a><\/p>\n<!-- \/divi:paragraph -->\n\n<!-- divi:paragraph -->\n<p>Kredit si dobijete nejl\u00e9pe p\u0159evodem na n\u00e1\u0161 \u00fa\u010det: 2701210915 \/ 2010, do pozn\u00e1mky dejte sv\u00e9 jm\u00e9no. <\/p>\n<!-- \/divi:paragraph -->\n\n<!-- divi:paragraph -->\n<p>Budeme r\u00e1di, kdy\u017e n\u00e1m budete pos\u00edlat \u010d\u00e1stku za v\u00edce lekc\u00ed najednou, a ne ka\u017ed\u00fd t\u00fdden 150K\u010d. Na ka\u017edou p\u0159ijatou \u010d\u00e1stku vystavujeme toti\u017e fakturu. Nebojte, kredity v\u00e1m nepropadnou. <\/p>\n<!-- \/divi:paragraph -->\n\n<!-- divi:paragraph -->\n<p>Samoz\u0159ejm\u011b m\u016f\u017eete p\u0159ij\u00edt i bez ohl\u00e1\u0161en\u00ed p\u0159edem, ale t\u00edm nem\u00e1te zaru\u010den\u00e9 m\u00edsto a tak\u00e9 se m\u016f\u017ee st\u00e1t, \u017ee pro m\u00e1lo z\u00e1jemc\u016f bude lekce zru\u0161ena a vy se to nedozv\u00edte. <\/p>\n<!-- \/divi:paragraph -->\n\n<!-- divi:paragraph -->\n<p>Na lekce Bohunky se hlaste na Bohun\u010din telefon: <strong>737 441 058<\/strong>, plat\u00edte j\u00ed na lekci. <\/p>\n<!-- \/divi:paragraph -->\n\n<!-- divi:paragraph -->\n<p>Na lekce Hanky se hlaste na jej\u00ed telefon: <strong>775 615 593 nebo mail na info@zdravaopava.cz<\/strong>. Plat\u00edte u n\u00ed. <\/p>\n<!-- \/divi:paragraph -->\n\n<!-- divi:paragraph -->\n<p><\/p>\n<!-- \/divi:paragraph -->\n\n<!-- divi:paragraph -->\n<p><\/p>\n<!-- \/divi:paragraph -->\n\n<!-- divi:paragraph -->\n<p><\/p>\n<!-- \/divi:paragraph -->[\/et_pb_text][\/et_pb_column][\/et_pb_row][\/et_pb_section]\n","protected":false},"excerpt":{"rendered":"<p><div class=\"et_pb_section et_pb_section_0 et_section_regular\" >\n\t\t\t\t\n\t\t\t\t\n\t\t\t\t\n\t\t\t\t\n\t\t\t\t\n\t\t\t\t\n\t\t\t\t\n\t\t\t\t\n\t\t\t\t\n\t\t\t<\/div><div class=\"et_pb_row et_pb_row_0 et_pb_row_empty\">\n\t\t\t\t\n\t\t\t\t\n\t\t\t\t\n\t\t\t\t\n\t\t\t\t\n\t\t\t<\/div><div class=\"et_pb_module et_pb_text et_pb_text_0  et_pb_text_align_left et_pb_bg_layout_light\">\n\t\t\t\t\n\t\t\t\t\n\t\t\t\t\n\t\t\t\t\n\t\t\t\t\n\t\t\t<\/div> V\u0161echny lekce j\u00f3gy stoj\u00ed 150 K\u010d. Han\u010diny hodiny jsou za 220 K\u010d SM metoda, 300K\u010d lekce \u010cCHI KUNG. Na v\u011bt\u0161inu lekc\u00ed se m\u016f\u017eete hl\u00e1sit online, ale je pot\u0159eba, abyste m\u011bli sv\u016fj \u00fa\u010det v na\u0161em syst\u00e9mu a dobit\u00fd kredit. \u00da\u010det si m\u016f\u017eete vyrobit zde: http:\/\/freespirityoga.cz\/rozvrh.php?w=0 Kredit si dobijete nejl\u00e9pe p\u0159evodem na n\u00e1\u0161 \u00fa\u010det: 2701210915 \/ [&hellip;]<\/p>\n","protected":false},"author":1,"featured_media":0,"parent":0,"menu_order":0,"comment_status":"closed","ping_status":"closed","template":"","meta":{"_et_pb_use_builder":"on","_et_pb_old_content":"<!-- wp:paragraph -->\n<p>V\u0161echny lekce j\u00f3gy stoj\u00ed 150 K\u010d.<\/p>\n<!-- \/wp:paragraph -->\n\n<!-- wp:paragraph -->\n<p>Han\u010diny hodiny jsou za 220 K\u010d SM metoda, 300K\u010d lekce \u010cCHI KUNG. <\/p>\n<!-- \/wp:paragraph -->\n\n<!-- wp:paragraph -->\n<p>Na v\u011bt\u0161inu lekc\u00ed se m\u016f\u017eete hl\u00e1sit online, ale je pot\u0159eba, abyste m\u011bli sv\u016fj \u00fa\u010det v na\u0161em syst\u00e9mu a dobit\u00fd kredit. <\/p>\n<!-- \/wp:paragraph -->\n\n<!-- wp:paragraph -->\n<p>\u00da\u010det si m\u016f\u017eete vyrobit zde: <a href=\"http:\/\/freespirityoga.cz\/rozvrh.php?w=0\">http:\/\/freespirityoga.cz\/rozvrh.php?w=0<\/a><\/p>\n<!-- \/wp:paragraph -->\n\n<!-- wp:paragraph -->\n<p>Kredit si dobijete nejl\u00e9pe p\u0159evodem na n\u00e1\u0161 \u00fa\u010det: 2701210915 \/ 2010, do pozn\u00e1mky dejte sv\u00e9 jm\u00e9no. <\/p>\n<!-- \/wp:paragraph -->\n\n<!-- wp:paragraph -->\n<p>Budeme r\u00e1di, kdy\u017e n\u00e1m budete pos\u00edlat \u010d\u00e1stku za v\u00edce lekc\u00ed najednou, a ne ka\u017ed\u00fd t\u00fdden 150K\u010d. Na ka\u017edou p\u0159ijatou \u010d\u00e1stku vystavujeme toti\u017e fakturu. Nebojte, kredity v\u00e1m nepropadnou. <\/p>\n<!-- \/wp:paragraph -->\n\n<!-- wp:paragraph -->\n<p>Samoz\u0159ejm\u011b m\u016f\u017eete p\u0159ij\u00edt i bez ohl\u00e1\u0161en\u00ed p\u0159edem, ale t\u00edm nem\u00e1te zaru\u010den\u00e9 m\u00edsto a tak\u00e9 se m\u016f\u017ee st\u00e1t, \u017ee pro m\u00e1lo z\u00e1jemc\u016f bude lekce zru\u0161ena a vy se to nedozv\u00edte. <\/p>\n<!-- \/wp:paragraph -->\n\n<!-- wp:paragraph -->\n<p>Na lekce Bohunky se hlaste na Bohun\u010din telefon: <strong>737 441 058<\/strong>, plat\u00edte j\u00ed na lekci. <\/p>\n<!-- \/wp:paragraph -->\n\n<!-- wp:paragraph -->\n<p>Na lekce Hanky se hlaste na jej\u00ed telefon: <strong>775 615 593 nebo mail na info@zdravaopava.cz<\/strong>. Plat\u00edte u n\u00ed. <\/p>\n<!-- \/wp:paragraph -->\n\n<!-- wp:paragraph -->\n<p><\/p>\n<!-- \/wp:paragraph -->\n\n<!-- wp:paragraph -->\n<p><\/p>\n<!-- \/wp:paragraph -->\n\n<!-- wp:paragraph -->\n<p><\/p>\n<!-- \/wp:paragraph -->","_et_gb_content_width":"","footnotes":""},"class_list":["post-19","page","type-page","status-publish","hentry"],"_links":{"self":[{"href":"https:\/\/www.jakovbavlnce.eu\/index.php?rest_route=\/wp\/v2\/pages\/19","targetHints":{"allow":["GET"]}}],"collection":[{"href":"https:\/\/www.jakovbavlnce.eu\/index.php?rest_route=\/wp\/v2\/pages"}],"about":[{"href":"https:\/\/www.jakovbavlnce.eu\/index.php?rest_route=\/wp\/v2\/types\/page"}],"author":[{"embeddable":true,"href":"https:\/\/www.jakovbavlnce.eu\/index.php?rest_route=\/wp\/v2\/users\/1"}],"replies":[{"embeddable":true,"href":"https:\/\/www.jakovbavlnce.eu\/index.php?rest_route=%2Fwp%2Fv2%2Fcomments&post=19"}],"version-history":[{"count":6,"href":"https:\/\/www.jakovbavlnce.eu\/index.php?rest_route=\/wp\/v2\/pages\/19\/revisions"}],"predecessor-version":[{"id":94,"href":"https:\/\/www.jakovbavlnce.eu\/index.php?rest_route=\/wp\/v2\/pages\/19\/revisions\/94"}],"wp:attachment":[{"href":"https:\/\/www.jakovbavlnce.eu\/index.php?rest_route=%2Fwp%2Fv2%2Fmedia&parent=19"}],"curies":[{"name":"wp","href":"https:\/\/api.w.org\/{rel}","templated":true}]}}